*d. What is the tens digit of (3 - -11 - u) + 2?
1
Suppose -2*i - 5*k + 102 = 0, -4*k = -2*i + 64 + 20. What is the tens digit of i?
4
Let i(m) = m**2 - m + 3. Let t be i(-3). Suppose -2*w + h = 9 - 4, 0 = 5*h + t. Let f = w + 10. What is the units digit of f?
6
Let l = -22 - -16. Let v(a) = a + 13. What is the units digit of v(l)?
7
Suppose -281 = 8*b - 1209. What is the units digit of b?
6
Let d = 54 - 22. What is the units digit of d?
2
Suppose -5*m - 5 = -3*x + 8, -4*m - 26 = -5*x. Let j = x - 3. Suppose -j*g = -g - 22. What is the tens digit of g?
1
Suppose -5*v = -10*v + 1455. What is the units digit of v?
1
Let t(x) = x**3 + 5*x**2 - 2*x - 6. Let u be t(-5). Let z(i) = -i**2 + 5*i + 2. Let q be z(u). Let s = 10 - q. What is the units digit of s?
4
Let m = 23 - -10. What is the tens digit of m?
3
Suppose -2*b - 2*f = 2*f - 88, 5*b - 220 = -3*f. Let m = b - 6. What is the units digit of m?
8
What is the tens digit of 7740/52 - 2/(-13)?
4
Let s(b) = b**3 + 8*b**2 - 10*b + 2. What is the tens digit of s(-8)?
8
Let n = 1 + -1. Suppose m + n*m = 0. Let j = 2 - m. What is the units digit of j?
2
Suppose 16 = 4*q, -10 = 2*y + 4*q - 9*q. Suppose -4*d = -9*d + y. What is the units digit of d?
1
Let x(z) = z + 5. Suppose -3 = -2*i + h, -3 = i - 6*i + h. What is the units digit of x(i)?
5
Suppose -3*w + 198 = -k + 24, w - 56 = k. What is the tens digit of w?
5
Let w be -2*(1 + 0)*-30. Suppose -4*x - 5*v = -w, -7*x - 2*v + 48 = -3*x. What is the tens digit of x?
1
Let h be 39*(2/3 - -2). Suppose -v + h = v. Suppose 4*z - 28 = w, 4*z + 4*w + w = v. What is the units digit of z?
8
Let q = -21 + -1. Let d = -11 - q. What is the tens digit of d?
1
Let k(m) = -m**2 - 9*m - 8. Suppose -27 + 67 = -5*d - 2*s, 3*s + 15 = 0. What is the units digit of k(d)?
0
What is the tens digit of 1 - 0 - (-1 - 0) - -171?
7
Suppose 0 = k + k - 140. Let d = 124 - k. What is the units digit of d?
4
Let i(d) be the second derivative of -d**3/6 - 2*d. Let p(t) = 9*t + 2. Let s(o) = -6*i(o) - p(o). What is the units digit of s(-3)?
7
Let c be -1 + 3 - (22 + 6). Let r = 16 + c. What is the units digit of (-18)/r - (-7)/35?
2
Let g = 22 - -7. What is the units digit of g?
9
Let a(h) = 3*h - 6. Let o = 3 + 6. Let m be a(o). Suppose 4*y - m = -5*z + 26, 4*z - 34 = -2*y. What is the units digit of z?
7
Suppose -3*c = 5*u + 18, -u - 5 - 25 = 5*c. Let n = -4 - c. Suppose 0 = -n*p + 5*o - 9, -p + 2*o = p. What is the units digit of p?
3
Suppose 0 = l - 12 - 35. What is the tens digit of l?
4
Let c(j) = j**3 + 8*j**2 + 2*j + 11. What is the tens digit of c(-7)?
4
Let k(p) = -p**3 + 7*p**2 + 2*p + 1. What is the tens digit of k(7)?
1
Suppose -3*m + 1 = -5. Suppose -5*k - m = -37. What is the units digit of k?
7
Suppose -6 = p + 3*w, 3*p - w - 1 = 1. Suppose p = l - 4*l - 3. What is the units digit of 3*-2*l/1?
6
Let q = -39 - -65. What is the units digit of q?
6
Let v(k) = k + 1 - 3*k**2 + k**2 + 2*k**3 - 3*k**3 - 2*k. What is the tens digit of v(-3)?
1
Let o = -159 + 93. Let g be o/(-15) + 6/(-15). Suppose 0 = -2*c + 5*c + 2*t - 3, -g*c + t = -4. What is the units digit of c?
1
Suppose 24 = -o - 0*o. Let y = 2 - o. What is the tens digit of y?
2
Let s(a) = a**3 + a**2 + a + 28. Let o(t) = t - 1. Let r be o(1). Let c be s(r). Suppose -4*p = -8*p + c. What is the units digit of p?
7
Let m(s) = s**3 + 4*s**2 - 7*s - 2. Let z = -29 + 11. Let t be -1*(z/(-3) - 1). What is the units digit of m(t)?
8
Let j(b) = -b + 8. What is the units digit of j(3)?
5
Let m(q) = 5*q - 3*q - 2 + 1. Let p be m(3). Suppose p*i - 52 = 4*y, -3*y - 49 = -8*i + 3*i. What is the units digit of i?
8
Suppose 7*j - 11*j + 12 = 0. Suppose 3*g - 6*g = -3*c - j, -3*g + 4*c = 2. What is the units digit of g?
6
Let m be -2 + 0*2/(-6). Let h be (3 - -2)*m/2. What is the units digit of (-1 - h)*(-5 + 7)?
8
Let r be 20/((-1)/1*-2). Let t(m) = -m + 12. Let u be t(r). What is the units digit of (1 - u)/(1/(-13))?
3
What is the tens digit of 1164/16 - 5/(-20)?
7
Suppose 9 = -0*u + 3*u. Let a(p) = -p**2 + 6*p. Let x be a(u). Suppose 9 = 3*s - x. What is the units digit of s?
6
Suppose -g - o + 0 = -2, 4*o = -5*g + 13. Suppose 88 = g*q - 5*a + a, -3*q + 44 = 2*a. What is the units digit of q?
6
Suppose 0 = 5*r - 13 + 3. Suppose r*q - 24 = -q. What is the units digit of q?
8
Suppose -4*v + 59 = 11. Let k = v - 6. What is the units digit of k?
6
Suppose -2*h - 2*f = -0*h - 2, -5*f = 3*h - 3. What is the units digit of h?
1
What is the tens digit of 3/2*(-138)/(-9)?
2
Let h = 74 - 38. What is the tens digit of h?
3
Let j = -52 - -33. Let b = j - -8. Let y = -7 - b. What is the units digit of y?
4
Let o(j) = 9*j - 10. What is the units digit of o(7)?
3
What is the units digit of (-4)/6 - (-191)/3?
3
Let v be 6/(-21) - 88/(-14). Let x = -3 + v. Suppose 0*c - x*c = -33. What is the tens digit of c?
1
Let x = 5 - 7. Let u = 0 - -2. What is the tens digit of u + -3 - -10 - x?
1
Let p(b) = -7*b + 9. Let m be p(3). Let d = 45 + m. What is the tens digit of d?
3
Suppose d - 6*d + 15 = 0. Suppose 10 + d = s. What is the tens digit of s?
1
Let z(f) = -f**2 - 6*f - 5. What is the units digit of z(-3)?
4
Let j = -19 - -21. Suppose 0*y = -j*y + 76. What is the tens digit of y?
3
Let y(z) = -3*z + 8. Let v be y(-6). Suppose 5*g + 6 = v. What is the units digit of g?
4
Suppose 0 = -3*y - 12 - 9. Let b = 14 + y. What is the units digit of b?
7
Suppose w + w = -568. What is the tens digit of 14/(-35) + w/(-10)?
2
Suppose 5*v = v + 48. Let f be (15/6)/((-2)/v). What is the units digit of 6/f - 148/(-20)?
7
Let r be (12/10)/(2/5). Suppose -h = 4*w - 11 + 81, 5*w = r*h + 142. What is the units digit of h/(-4) - (-4)/(-8)?
3
What is the units digit of 165/(-3)*((-170)/25 - -4)?
4
Suppose 0 = -3*a + 14 + 1. Suppose -a*z + 78 = -3*t, -2*t + 8 = 3*z - 35. What is the tens digit of z?
1
Let o = -2 + 4. Suppose -o*i - 10 = -4*i. Suppose 4 = -j + i*j. What is the units digit of j?
1
Let t(v) = -v**2 + 17*v - 7. What is the units digit of t(11)?
9
Let m be (1 + -4)*(-1)/3. Let b = 3 + 3. Let s = b + m. What is the units digit of s?
7
Let h(z) = 4*z**2 + 3*z - 3. What is the tens digit of h(2)?
1
Let q(h) = 2*h**2 + 2*h - 4. What is the units digit of q(-3)?
8
Suppose 0*j + 3*j = 33. Let p be 3/15 - j/5. Let y(f) = -f**3 - f**2 + 3*f + 3. What is the units digit of y(p)?
1
Suppose -138 = -5*q - 13. What is the tens digit of q?
2
Let r = -9 - -15. Suppose -4*t + r = -t. What is the units digit of t?
2
Let x(q) be the first derivative of -q**4/4 + 8*q**3/3 - 7*q**2/2 + 10*q - 2. Let j be x(7). Suppose -3*k + j = -23. What is the units digit of k?
1
Suppose -4*i + 5 + 3 = 0. Let q = -1 + i. What is the units digit of q?
1
Let q(m) = 8 + 4 + m - 5. What is the tens digit of q(7)?
1
Let i(h) = -h**2 + h. Let a(v) = v**2 + 2*v + 3. Let t(x) = a(x) + 2*i(x). Let f(g) = 3*g**2 + g. Let o be f(1). What is the units digit of t(o)?
3
Let z(l) = -l + 1. Let u be z(-2). What is the tens digit of 3 - (-11 + -4 + u)?
1
Suppose 210 = 4*n + n. What is the units digit of n?
2
Let n be ((-15)/9)/((-10)/36). Let a = -4 - -9. Suppose n*u - 15 = a*u. What is the tens digit of u?
1
Let z(v) = 3*v**2 + 4*v + 2. Let a be z(-2). What is the units digit of 1 + 0 - (-7 + a)?
2
Let s be 1/1*(-1 + 5). Suppose s*d = d + 12. What is the units digit of d?
4
Let s = -94 + 138. What is the units digit of s?
4
Let u(p) = 23*p + 5. What is the hundreds digit of u(9)?
2
Suppose -2*z - 2*g = -64, -142 + 44 = -4*z + 2*g. What is the units digit of z?
7
What is the tens digit of 44*(4 - 3) - -5?
4
Let x(q) = -q**3 + 7*q**2 - 2*q - 6. Let y be x(6). Suppose -z = 4 - y. What is the tens digit of z?
1
Let g(t) = 7*t + 11. Let r be g(-9). What is the units digit of r/(-10) - 1/5?
5
Let c = 175 + -9. What is the hundreds digit of c?
1
Let o(d) = 2*d - 1. Let u(s) = -s + 1. Let c(r) = -o(r) - u(r). Let a be c(3). What is the units digit of 2/3 - 7/a?
3
Suppose -15*r + 17*r = 200. What is the units digit of r?
0
What is the units digit of 39 + -7 - (3 + 1)?
8
Let g(b) = 3*b - 2. Let r be g(8). Let c = r + 2. What is the tens digit of c?
2
Let v = 4 - -10. Let l be (-120)/(-21) + 4/v. Suppose -2*k + 0*k = -l. What is the units digit of k?
3
Suppose -2*i = 3*i + 10. Let b be (-3)/((i + 1)*1). Suppose p = -